 + x = 31. Calculate the remainder when t is divided by p.
5
Let i(q) = -8*q + 14. Let u(s) = -17*s + 29. Let x(c) = -13*i(c) + 6*u(c). What is the remainder when x(10) is divided by 7?
5
Let z = -7 + 12. Suppose z*k - 25 = 45. What is the remainder when 39 is divided by k?
11
Let q = 162 + 36. Calculate the remainder when q is divided by 25.
23
Suppose t = -4*n - 2*t - 16, -4*t - 21 = 5*n. Let m be (n - -3*1) + -1. What is the remainder when -1 + 32*m + 0 is divided by 11?
9
Suppose 5*f + 4 - 14 = 0. Let k(a) = 2*a**2 + 8*a + 4. Calculate the remainder when k(-6) is divided by (2 + -2 - f) + 12.
8
Let x = -30 + 65. What is the remainder when x is divided by 9?
8
Let g = -188 + 191. What is the remainder when (-27)/(-5) + 2/(-5) is divided by g?
2
Let b = -2 + 10. What is the remainder when 30*(28/8 - 3) is divided by b?
7
Suppose 3*h - 58 = 17. Let w(d) = 49*d**2 - 1. What is the remainder when w(-1) is divided by h?
23
Suppose 87*w - 89*w = -18. What is the remainder when 42 is divided by w?
6
Let w = -2 + 35. What is the remainder when w is divided by 17?
16
Suppose 4*a + 10 = x, 2*x + a - 9 = -2*a. Calculate the remainder when 15 is divided by x.
3
Suppose 3*l - 28 = 23. Suppose 3*y - 150 = -5*t + 43, -10 = -2*t. Suppose -y = -v - l. Calculate the remainder when v is divided by 20.
19
Suppose -47 + 15 = -i. Suppose -i = -s - s. What is the remainder when 46 is divided by s?
14
What is the remainder when 3/((-6)/(-4)) + 501/3 is divided by 34?
33
Suppose 9*m = 3*m + 330. What is the remainder when m is divided by 21?
13
Calculate the remainder when 53*(-4)/(-12)*3 is divided by 27.
26
Suppose 2*h + 12 = 3*h - 2*u, 5*h - 54 = 4*u. Suppose 2*v = -3*i + 8, -2*v + 10 = 5*i - 3*i. Let l = 11 - v. Calculate the remainder when h is divided by l.
2
Suppose -n - 5*h = -0*n + 17, 5*n - 45 = h. Calculate the remainder when 22 is divided by n.
6
Let s(v) = 2*v - 6. Let m be s(5). What is the remainder when 26 is divided by m + (-1 - -3) + 3?
8
Let h = 2 - 0. Suppose -z + 48 = h*z. Suppose 5*q + 2*s = z, -10 = -5*q - 5*s - 0*s. What is the remainder when 7 is divided by q?
3
Let y(l) = -13*l. Suppose 0 = 5*m - 3*f, 2*f + 2*f = 0. Suppose m*o + 35 = 5*o. Calculate the remainder when y(-1) is divided by o.
6
Suppose -j = -y - 5, 3*j + 4*y + 9 = 3. Suppose j*t + t = -3. Calculate the remainder when 9 is divided by 5 + 1/(-1) - t.
4
Suppose 116 = 3*r - r + b, 2*r = 3*b + 108. What is the remainder when r is divided by 30?
27
Let v(c) = -8*c - 6. Let t(a) = -a - 1. Let f(g) = -6*t(g) + v(g). What is the remainder when 39 is divided by f(-7)?
11
Suppose 0 = -3*b - b. Suppose b = 3*u - 24. What is the remainder when u is divided by (-11)/(-3) + (-10)/15?
2
Let m(o) = -o + 3. Suppose 18 = -4*n + 6. Let d = -2 - -25. What is the remainder when d is divided by m(n)?
5
What is the remainder when (-5)/(-10) + 0 + (-33)/(-6) is divided by 5?
1
Let r = 9 - -3. Let l = r - -1. What is the remainder when ((-14)/8 - -1)*-32 is divided by l?
11
Let o = 43 + 10. What is the remainder when o is divided by 19?
15
Let l be (1 - -63) + (-5)/(-5). Let f = l - 27. What is the remainder when f is divided by 13?
12
Let b = 44 - 30. Let y = b - 7. What is the remainder when y is divided by 5?
2
Suppose p = 3, -3*p + 57 = 5*j + p. What is the remainder when 17 is divided by j?
8
Let h = -35 + 98. Let r = h - 26. What is the remainder when r is divided by 19?
18
Let b(t) = t**3 + 8*t**2 + 3*t - 3. Calculate the remainder when 98 is divided by b(-7).
23
Suppose -w + 6 = -4. Suppose -5*h - 239 = -3*u, 2*u + h = 3*h + 162. Let s = u + -44. What is the remainder when s is divided by w?
9
Let s(d) = 8*d - 15. Let y be s(6). Suppose 0 = -4*n + l + 66, -5*l + y + 62 = 5*n. Calculate the remainder when n is divided by 6.
5
Suppose -3*i - 13 = 74. Let t = -15 - i. Calculate the remainder when t is divided by 4.
2
Suppose -65 = -5*v + 5*d, 3*v + 5*d - 23 = -0*d. What is the remainder when 239 is divided by v?
8
Suppose p = -5*h + 127, 0 = -h - 0*h - 5*p + 11. Suppose 0*b + b - h = 0. Calculate the remainder when b is divided by 14.
12
Let s(b) = b**2 + 10*b + 3. Let v be s(-9). Let j = v + 6. Suppose 3*r - 75 = -j*r. Calculate the remainder when r is divided by 13.
12
Let f = 32 + -26. What is the remainder when 21 is divided by f?
3
Suppose -5*m + 36 = -m. Let h(k) be the second derivative of k**5/20 - k**4/12 + 17*k**2/2 + 2*k. What is the remainder when h(0) is divided by m?
8
Suppose 100 = 3*x - 2*t, -x = 5*t - 12 - 10. Calculate the remainder when x is divided by 3 + (-40)/12 + 104/6.
15
Let d = 98 - 87. What is the remainder when 54 is divided by d?
10
What is the remainder when (-10)/15 + (-11)/(-3) is divided by 3?
0
Let k(y) = -y**2 + 2*y + 5. Let u be k(4). Let c = -8 + 12. Calculate the remainder when (-10)/u*3 + 0 is divided by c.
2
Calculate the remainder when 9 is divided by 4/(-6)*(6 - 12).
1
Let q = 58 + -30. What is the remainder when q is divided by 10?
8
Let j be (-12)/(-10)*(3 + -8). Suppose -3*w + 12 - 48 = 0. Let a = j - w. What is the remainder when 10 is divided by a?
4
Let h(o) = 53*o**3. Let g(m) = m**2 + 6*m + 6. Let d be g(-5). What is the remainder when h(d) is divided by 14?
11
Calculate the remainder when (1/(-3))/(26/(-546)) is divided by 5.
2
Let m(f) = 31*f + 2. Let r be m(2). Let j = r - 38. Calculate the remainder when 77 is divided by j.
25
Suppose -52 = -3*r + a, 3*r - 35 = -3*a + 1. What is the remainder when 30 is divided by r?
14
Let j be 5/(20/392) - 0. Suppose 2*o - 81 - j = -3*r, 2*r - 4*o - 98 = 0. Calculate the remainder when r is divided by 29.
28
Suppose 0 = -8*j - 2*j + 270. Calculate the remainder when 52 is divided by j.
25
Suppose 0 = -r + h - 3, 0 = 4*r + 3*h - 5*h + 2. Let t = r + 4. Suppose -k - 2*k = -t. Calculate the remainder when 2 is divided by k.
0
Suppose 4*x - 9 = r, 2 = r + 7. Suppose -2*p = -3*b - 13, -3*p - b + 5 = 2. What is the remainder when p is divided by x?
0
Suppose p = -3 + 4. Let g be p*(-2 + 1 - -4). Suppose -g*c - 224 + 47 = -3*j, j - 51 = 5*c. What is the remainder when j is divided by 21?
19
Let b be (-14)/4 - (-3)/6. Let t be 1/((b/12)/(-1)). Suppose 24 = 2*g + 5*o - 11, -4*g + 52 = t*o. Calculate the remainder when 19 is divided by g.
9
Let f(a) = -a**2 - 2*a + 0 - 5*a - 7. Let h be f(-5). Suppose 37 = h*t - 2*t. What is the remainder when t is divided by 13?
11
Let p = 29 + -16. Calculate the remainder when 101 is divided by p.
10
What is the remainder when 55 is divided by (-15)/10 - 66/(-4)?
10
Let c(f) = -15*f - 5. Suppose 0 = -3*b - 1 - 14. Let d(k) = -14*k - 4. Let z(u) = b*d(u) + 4*c(u). What is the remainder when z(2) is divided by 7?
6
Let j(y) = -y - 3. Let l be j(-7). What is the remainder when (108/(-30))/(l/(-30)) is divided by 15?
12
Suppose 2*q + 40 = -2*q. Let w = q - -5. Let v = w - -7. What is the remainder when 5 is divided by v?
1
Let m = 87 - -3. Suppose -t = 3, -4*w + 2*t + 0*t = -m. What is the remainder when 39 is divided by w?
18
Let p = -118 - -176. Suppose -2*k = -29 + 5. Calculate the remainder when p is divided by k.
10
Let p(z) = 2*z - 38. What is the remainder when 69 is divided by p(28)?
15
Suppose -200 - 17 = -7*m. Calculate the remainder when 60 is divided by m.
29
Let d(m) = -14*m - 14. Calculate the remainder when d(-7) is divided by 29.
26
Suppose -4*b = -0*b. Suppose 188 = 4*i - b*i. Calculate the remainder when i is divided by ((-1)/2)/((-2)/64).
15
Let a = 81 - 78. Calculate the remainder when a is divided by 2.
1
What is the remainder when 23 is divided by 3/((4 - 0) + -3)?
2
Let f(p) = -2*p - 9. Suppose -16 = -4*n + s - 5*s, -4*n = -4*s - 48. What is the remainder when n is divided by f(-7)?
3
Let b = 21 - 14. Let v(z) = 36*z. Let n be v(1). Suppose 0*k = -3*k + n. What is the remainder when k is divided by b?
5
Let p(l) = 2*l**2 - 16*l + 1. Suppose -2*m = m - 2*x - 74, x = m - 26. Calculate the remainder when p(10) is divided by m.
19
Let j = 1 - -7. What is the remainder when 32 is divided by (11/2)/(4/j)?
10
Suppose -5*n + 214 - 184 = 0. Calculate the remainder when 11 is divided by n.
5
Suppose 5*v - 735 + 135 = 0. Suppose 0 = -9*k + 4*k + v. Calculate the remainder when k is divided by 13.
11
Let s be ((-9)/(-6))/(3/8). Let r(z) = 3*z**2 - 2*z + 2. Let m be r(s)